2*v**2 + 1530*v + 111. Give j(-55).
661
Let q(k) = -k**3 + 8*k**2 + 1590*k + 229. Determine q(-36).
13
Let b(y) = 2422*y + 17817. Calculate b(-8).
-1559
Let u(z) = 75*z**3 - 9*z**2 + 291*z + 299. Calculate u(-1).
-76
Let n(m) = -5*m**3 + 1290*m**2 + 2603*m - 483. What is n(260)?
297
Let w(g) = 150*g - 17659. Calculate w(146).
4241
Let f(g) = g**3 - 364*g**2 + 21258*g - 1058. Give f(73).
37
Let u(l) = -93332*l - 559824. Give u(-6).
168
Let f(r) = 24*r**2 - 4661*r - 971. Give f(195).
2734
Let a(k) = -k**3 - 2090*k**2 + 554064*k + 2. What is a(238)?
2
Let t(c) = -3*c**3 + 35*c + 107. Calculate t(-4).
159
Let h(g) = -2924*g + 883036. What is h(302)?
-12
Let x(v) = -443*v + 68228. Determine x(154).
6
Let b(p) = -32*p**3 + 4*p**2 + 3*p - 2. Give b(-1).
31
Let b(p) = -1452*p**2 - 5805*p + 16. Calculate b(-4).
4
Let u(p) = -p**2 + 4123*p + 310579. Determine u(-74).
1
Let o(r) = -7*r**2 + 298*r + 5137. Calculate o(-13).
80
Let q(t) = t**3 + 453*t**2 + 3987*t + 1. Calculate q(-9).
82
Let t(w) = 74*w**2 + 3408*w + 228. Calculate t(-46).
44
Let o(a) = 4325*a - 419531. Determine o(97).
-6
Let s(i) = 2*i**2 + 257*i + 476. Determine s(-2).
-30
Let y(g) = -g**3 - 16*g**2 + 750*g - 4697. Determine y(9).
28
Let u(i) = -2582*i - 173056. Determine u(-67).
-62
Let r(t) = 4529*t + 298930. What is r(-66)?
16
Let z(s) = -1063*s**2 + 61631*s + 1336. Calculate z(58).
2
Let l(f) = f**2 - 8082*f + 161229. Calculate l(20).
-11
Let t(q) = q**3 - 66*q**2 + 550*q + 259. What is t(56)?
-301
Let x(h) = -h**3 - 76*h**2 - 82*h - 459. Calculate x(-75).
66
Let p(d) = d**3 + 74*d**2 + 106*d - 746. What is p(-72)?
1990
Let m(b) = -8601*b - 197815. Calculate m(-23).
8
Let n(a) = 4*a**3 + 16*a**2 - 155*a + 96. What is n(6)?
606
Let q(z) = 20*z**3 + 19*z**2 + 444*z + 440. Calculate q(-1).
-5
Let s(q) = 16*q**2 - 13510*q - 40542. Determine s(-3).
132
Let h(v) = 10*v**2 + 250*v + 1408. What is h(-24)?
1168
Let h(s) = 2786*s + 55741. Determine h(-20).
21
Let a(h) = -163198*h - 2774331. What is a(-17)?
35
Let d(t) = 1358*t - 1246644. What is d(918)?
0
Let a(u) = 88*u + 1879. Determine a(-6).
1351
Let k(x) = -20135*x - 141548. Give k(-7).
-603
Let h(y) = -5840*y + 455526. Give h(78).
6
Let b(d) = -d**3 - 18*d**2 + 117*d + 2415. Calculate b(-16).
31
Let o(w) = -125*w**3 + 253*w**2 - 24*w + 35. Calculate o(2).
-1
Let s(g) = -10298*g + 72104. Give s(7).
18
Let r(a) = 2*a**2 - 625*a + 16708. Calculate r(283).
11
Let n(g) = g**3 - 8*g**2 - 153*g + 6. Calculate n(17).
6
Let g(o) = o**3 - 11*o**2 - 35*o + 245. Calculate g(11).
-140
Let f(u) = -57*u**2 + 1611*u - 365. Give f(28).
55
Let f(v) = -971*v + 21298. Determine f(22).
-64
Let x(a) = -4*a**3 - 67*a**2 + 45*a + 539. Give x(-17).
63
Let c(p) = 15*p**2 + 654*p - 242. Give c(-44).
22
Let j(t) = t**2 - 65*t - 11832. Give j(-81).
-6
Let i(m) = 5958*m - 1340569. Calculate i(225).
-19
Let r(i) = 14*i**3 - 68*i**2 + 312*i - 242. Give r(1).
16
Let l(m) = -m**3 - m**2 - 10*m + 120. What is l(4)?
0
Let g(o) = o**2 - 37*o - 13087. What is g(-97)?
-89
Let h(f) = -69*f**2 - 95*f + 441. Calculate h(5).
-1759
Let n(u) = 33*u**2 - 62*u - 437. What is n(-14)?
6899
Let t(b) = b**3 - b**2 + 298*b + 1271. Determine t(-4).
-1
Let f(n) = 15*n**3 - 43*n**2 + 722*n - 2170. Calculate f(3).
14
Let x(w) = -9*w**3 - 37*w**2 - 9. Determine x(-7).
1265
Let v(x) = 6*x**2 + 2955*x - 17961. Determine v(6).
-15
Let a(i) = -2*i**3 + 417*i**2 - 3378*i - 942. Determine a(200).
3458
Let i(d) = 12850*d - 51567. Give i(4).
-167
Let i(d) = -132*d**2 - 526*d - 50. Determine i(-4).
-58
Let r(b) = -2131*b - 13035. What is r(-6)?
-249
Let w(f) = 245*f**2 + 13961*f - 198. What is w(-57)?
30
Let c(z) = 77*z - 2343. Give c(34).
275
Let x(s) = 92*s - 632. Calculate x(6).
-80
Let f(d) = -2*d**3 + 98*d**2 + 126*d - 6170. Determine f(49).
4
Let f(y) = 103*y**2 - 996*y + 156. Determine f(9).
-465
Let a(y) = 14419*y**2 - 937239*y - 59. What is a(65)?
-319
Let p(s) = -5*s**3 + 436*s**2 + 5819*s + 2173. What is p(99)?
-5
Let i(j) = 28*j**2 + 1112*j - 5285. What is i(-44)?
-5
Let g(o) = o**3 - 28*o**2 + 3*o - 639. Determine g(28).
-555
Let m(y) = y**3 + 116*y**2 + 1427*y - 47. Calculate m(-14).
-33
Let d(x) = -12333*x + 12. Give d(0).
12
Let d(i) = -5*i**3 + 125*i**2 - 815*i + 19. Calculate d(7).
-1276
Let x(q) = 247322*q + 1483935. Determine x(-6).
3
Let r(x) = -1590*x - 39048. Determine r(-24).
-888
Let q(s) = -s**3 - 37*s**2 - 463*s - 13046. Give q(-29).
-6347
Let c(l) = 187*l + 18095. Give c(-99).
-418
Let a(f) = -3*f**2 + 1213*f + 62149. Determine a(-46).
3
Let x(w) = -3*w**2 + 19*w + 32. Determine x(6).
38
Let h(q) = -2*q**2 - 409*q - 4434. What is h(-11)?
-177
Let u(i) = -545*i**2 - 143*i + 2419. What is u(2)?
-47
Let x(a) = 3*a**3 + 57*a**2 - 17*a - 448. What is x(-19)?
-125
Let h(w) = 11*w**3 + 8*w**2 - 2*w - 1. Calculate h(-1).
-2
Let t(x) = -10*x**2 - 1072*x - 17571. Give t(-87).
3
Let p(n) = 610252*n - 3051262. Determine p(5).
-2
Let w(m) = 181*m**3 - 354*m**2 - 11*m + 16. Calculate w(2).
26
Let i(u) = 2*u**2 - 703*u + 47512. Calculate i(91).
101
Let w(y) = -61*y**2 + 6509*y + 100. What is w(107)?
-1826
Let z(o) = -2*o**3 + 6*o**2 - 216*o + 1442. What is z(8)?
-926
Let m(u) = u**3 - 210*u**2 + 981*u + 228. Calculate m(5).
8
Let q(v) = 1152*v + 25319. Determine q(-22).
-25
Let m(z) = z**3 - 180*z**2 + 156*z + 3968. Calculate m(179).
-149
Let p(t) = 2916*t - 49622. Calculate p(17).
-50
Let p(l) = 20*l**2 - 423*l + 20. Give p(6).
-1798
Let y(g) = -g**3 + 55*g**2 + 357*g - 22246. Calculate y(54).
-52
Let g(j) = -568*j + 156829. Give g(276).
61
Let v(h) = -50*h**3 + 3*h**2 + 35*h + 70. Determine v(-2).
412
Let l(n) = -n**3 - 216*n**2 - 3573*n - 822427. What is l(-217)?
3
Let f(w) = -5*w**3 + 7*w**2 - 98*w - 496. What is f(-5)?
794
Let f(o) = -27*o**2 - 60*o - 304. Calculate f(-5).
-679
Let h(g) = -21210*g - 424168. What is h(-20)?
32
Let y(i) = -486*i - 63956. Give y(-126).
-2720
Let f(m) = 183651*m + 1285564. Calculate f(-7).
7
Let p(h) = -116*h**3 + h**2 - 385*h - 778. What is p(-2)?
924
Let w(s) = -3*s**2 + 902*s - 7874. Calculate w(9).
1
Let g(d) = -4*d**3 + 109*d**2 - 551*d + 14210. Give g(27).
62
Let a(w) = -4*w**2 + 622*w + 6536. Give a(-10).
-84
Let p(y) = -3*y**2 + 8892*y - 750889. Determine p(87).
8
Let q(b) = 5687*b - 24263. Calculate q(4).
-1515
Let v(s) = s**2 + 117069*s + 1170596. Calculate v(-10).
6
Let z(c) = -294*c + 13456. Give z(45).
226
Let i(q) = -18991*q + 21953585. Give i(1156).
-11
Let p(q) = 2202*q**2 - 24196*q + 31. Calculate p(11).
317
Let f(j) = -j**3 + 22*j**2 + 49*j - 474. Give f(22).
604
Let y(q) = 3*q**2 - 2343*q - 567454. Determine y(975).
-4
Let w(k) = 2*k**2 + 260*k + 4608. Give w(-107).
-314
Let g(i) = i**3 + 427*i**2 + 4173*i - 64. Determine g(-10).
-94
Let o(b) = -2368*b - 47375. What is o(-20)?
-15
Let l(a) = -334*a + 21768. What is l(67)?
-610
Let u(c) = -c**2 - 228*c + 104722. Give u(-458).
-618
Let h(q) = 1996*q + 131914. Determine h(-66).
178
Let q(l) = 6868*l + 3475230. Calculate q(-506).
22
Let f(b) = 1537495*b + 1537468. What is f(-1)?
-27
Let q(p) = -p**2 - 871*p - 95122. What is q(-128)?
-18
Let m(g) = 1678705*g + 6714848. Calculate m(-4).
28
Let b(h) = -h**3 - 68*h**2 + 102*h + 2176. Give b(-69).
-101
Let z(t) = 2*t**3 - 231*t**2 + 779*t + 506. Give z(112).
-54
Let u(g) = 2333898*g + 58347442. What is u(-25)?
-8
Let b(r) = r**3 - 111*r**2 + 2093*r - 107. What is b(24)?
13
Let z(a) = -147590*a + 1033115. Determine z(7).
-15
Let j(a) = -4730*a + 80368. What is j(17)?
-42
Let b(n) = n**3 - 4*n**2 + 147*n - 45. What is b(17)?
6211
Let d(j) = -29*j**3 - 588*j**2 - 163*j - 48. What is d(-20)?
12
Let p(l) = 3342*l + 314206. Give p(-94).
58
Let n(y) = y**3 + 16*y**2 - 145*y - 2224. What is n(-11)?
-24
Let m(n) = 890024*n + 21360573. What is m(-24)?
-3
Let c(n) = 8866*n - 576292. Give c(65).
-2
Let s(t) = -32*t**3 + 3*t**2 - 146*t - 148. Calculate s(-1).
33
Let r(d) = d**3 + 65*d**2 - 184*d + 2025. Determine r(-68).
665
Let d(z) = 3*z**3 - 3*z**2 - 40*z - 170. Calculate d(0).
-170
Let g(z) = 1635*z - 8980. Calculate g(5).
-805
Let n(y) = -3*y**2 - 176*y + 11139. What is n(-97)?
-16
Let m(q) = 3*q**2 + 35*q - 1091. Give m(15).
109
Let v(f) = -f**2 - 88*f - 1619. Determine v(-37).
268
Let y(b) = -724*b**2 - 4368*b - 151. Give y(-6).
-7
Let w(g) = g**